-3*c - s + 548. Calculate the highest common factor of c and 14.
14
Suppose -4*a + 315 = -3*j, 356*a + 2*j - 434 = 351*a. What is the greatest common divisor of 2544 and a?
12
Let k = 87844 - 87536. Suppose -5*s + 3 = 5*n - 37, -4*n - 67 = -5*s. Calculate the highest common factor of k and s.
11
Let r = -327 + 399. Let y be (3368/r - 2/(-9)) + -2. Calculate the greatest common factor of y and 25.
5
Let z be ((-108)/14)/((-15)/805). What is the greatest common factor of 598 and z?
46
Let u be 3976 - 2/7*1*(38 + -10). Calculate the highest common factor of u and 96.
32
Suppose 10*s = 451 - 401. Suppose -2*a - 3*t = -864, 39*a + 439 = 40*a + s*t. What is the highest common divisor of a and 33?
33
Suppose f - 88 = -3*i, -2*i + 5*f = i - 118. Suppose -5*z + 8*z = 264. Let j = z - 57. What is the highest common divisor of j and i?
31
Let b be 18 + -27 + 14 + (-262)/(-2). What is the highest common divisor of b and 374?
34
Let z(s) = -8*s + 49. Let f(u) = 7*u - 47. Let x(b) = -6*f(b) - 5*z(b). Let k be x(10). What is the highest common divisor of 153 and k?
17
Let j(t) = -t**3 - 8*t**2 + 24*t + 40. Let a be j(-10). Suppose -185 = -a*b - 2*b + 5*k, 5*k = 5*b - 455. Calculate the greatest common factor of 162 and b.
18
Suppose 2140*d - 2782 = 2127*d. What is the highest common factor of d and 2675?
107
Suppose 0 = -o - 2*o - 9, -1210 = -4*f - 2*o. Suppose -4 = -w, 0 = -68*g + 64*g - 3*w + 76. Calculate the greatest common divisor of f and g.
16
Let o be 5/((-150)/93)*-54 - 9/(-15). Calculate the greatest common factor of 564 and o.
12
Let a(m) be the first derivative of -15*m**2/2 - 26*m + 304. Let j be a(-3). Calculate the highest common factor of j and 1349.
19
Let x = -84 + 120. Let k be (-4 + (-52)/(-16))/(1/(-4)). Suppose 33 = 4*a - k*l, 0*a - 4*l = -2*a + 24. What is the greatest common divisor of x and a?
6
Suppose 0 = -3*z + 5*b + 3 + 2, 50 = 3*z + 4*b. Suppose -3*y + z + 44 = 0. Suppose -228 = -15*r + 42. What is the highest common factor of r and y?
18
Let t = 28 + -23. Suppose -4*b + 26 = -g, t*g - 19 - 1 = -5*b. Suppose b*a - 240 = 2*a. Calculate the highest common factor of a and 40.
20
Let v(g) = 55*g - 4777. Let t be v(88). What is the highest common divisor of t and 1995?
21
Let g(v) = -v**3 + 5*v**2 + 8*v - 6. Suppose 22*c - 8*c = 84. Let d be g(c). What is the greatest common factor of 39 and d?
3
Let b be ((-2)/5)/((-102)/1190)*45. Calculate the greatest common divisor of b and 510.
30
Suppose -69 = -q + 45. Suppose -14*i - 4*d + 172 = -13*i, -2*d = -10. Calculate the highest common factor of q and i.
38
Let k be (361/(-38))/(2/(-4)). Suppose k + 53 = 4*n. Let z = 74 - n. Calculate the highest common factor of z and 16.
8
Suppose 8 = -4*d + 20. Let k be 0/(7 - d) + (2 - -5). Calculate the greatest common divisor of k and 252.
7
Let l = 299 - 39. Let m = -236 + l. Let z = -12 + 20. Calculate the highest common factor of m and z.
8
Suppose -2*g = -5*h - 2620, h = -g + 916 + 387. Calculate the greatest common divisor of 180 and g.
45
Let l(a) = -6*a - 33. Let n be l(-8). Suppose 14*d - n*d - 30 = -3*w, -3*w = -4*d - 21. What is the greatest common divisor of 77 and w?
11
Let t be 9*(-52)/(-585)*(3 - 3278/(-4)). What is the greatest common divisor of t and 56?
14
Let s = 126 + -278. Let f = s - -162. What is the highest common factor of 270 and f?
10
Let o(m) = -2*m**3 - m**2 + 43*m + 44. Let t be o(-1). What is the greatest common divisor of t and 74?
2
Let i(p) = p**3 + 22*p**2 + 68*p - 109. Let r be i(-17). What is the highest common divisor of 2790 and r?
90
Suppose -203*v + 742 = -150*v. What is the highest common divisor of 574 and v?
14
Let s = 36 - 38. Let t be (-1)/(118/58 + s). Let f = t + 39. What is the greatest common divisor of f and 15?
5
Let t be (4/(-1))/(2/(-2)). Let u be -3 - ((-22)/55)/(-4 + 564/140). Suppose 9*d + t = u*d. What is the highest common divisor of 14 and d?
2
Let n = 719 - 708. Let f be (-4 + n)*(-10 + 71). What is the highest common factor of f and 244?
61
Let f be (3717 - (19 + -5)) + -21. What is the greatest common divisor of f and 56?
14
Let c(o) = o. Let k be c(2). Suppose -4*n = -k*z + 3*z - 13, -z + 2*n + 43 = 0. Suppose 2808*v = 2699*v + 2398. What is the greatest common factor of z and v?
11
Let v be 7 + -4 + -1 + (3 - 0). Suppose -25 = -2*y + v. What is the highest common divisor of y and 75?
15
Suppose 3*v - 4172 = 4*w + 2611, -5*w - 4529 = -2*v. Calculate the highest common factor of 37 and v.
37
Suppose 38*r - 36*r = -2, 612 = 4*m + 4*r. Let f(x) = -109*x - 2. Let c be f(2). Let h be c/(-15) - 6/9. What is the highest common factor of h and m?
14
Let u = -9062 - -18752. What is the greatest common divisor of u and 10?
10
Suppose -5032 = 5*i - 42*i. Let g be (-212)/(-4 + 0) - 2. What is the highest common divisor of i and g?
17
Let u(f) = 21*f**2 + 4*f - 6*f - 27*f**2 - 4 + 5*f**3 + 7*f. Let s be u(2). Suppose -2*q + s = -26. What is the greatest common factor of 192 and q?
24
Let j(w) = w**3 - 32*w**2 + 172*w - 55. Let r be j(28). Calculate the highest common divisor of r and 325.
325
Let n(k) = k + 1. Let s be n(-9). Let w(j) = 4*j - 28. Let h be w(13). Let v = h + s. What is the greatest common factor of v and 12?
4
Let s = -262 + 331. Suppose a - 337 = s. Calculate the highest common factor of a and 58.
58
Let b = 10438 - 9902. Calculate the greatest common factor of 4154 and b.
134
Let s = -71 + 135. What is the greatest common factor of s and 24?
8
Suppose -7*g = 25*g - 768. Let d = -237 + 645. Calculate the highest common factor of g and d.
24
Suppose -5*o = 5, 4*o = -x - 495 + 2226. What is the greatest common factor of x and 5?
5
Suppose g + 3*g = -2*f + 2546, -g = 2*f - 641. Suppose -9*c + 13 = -g. Let o(k) = 25*k - 2. Let b be o(2). What is the highest common factor of b and c?
24
Let v = 752 - 720. Suppose 3*f + 27 + 0 = 0. Let j(a) = -38*a + 10. Let w be j(f). What is the greatest common factor of v and w?
32
Let m(h) = h**3 - 168*h**2 + 332*h + 3. Let k be m(166). Calculate the greatest common factor of 6297 and k.
3
Suppose -16*p - 69*p + 31*p = -432. Suppose 3*s + s - 11 = q, 7 = q + 5*s. Let j be 47/1 - (-9)/q. What is the greatest common factor of j and p?
4
Suppose -5*d = -2*h + 167, -2*h + 4*d + 76 = -90. Suppose 0 = -5*b - 5*s - 26 + h, -4*s = -2*b + 10. What is the highest common divisor of 234 and b?
9
Suppose 0 = 2*f + 4*j + 120, 2*f + 3*f + 4*j = -294. Let c = 3039 + -2963. Let u = c + f. What is the greatest common divisor of u and 45?
9
Let i(p) = 5*p**2 - 164*p - 30. Let c be i(33). Suppose -5*m - 8 + c = 0, -m = 2*k - 1825. What is the greatest common divisor of 11 and k?
11
Suppose -5*j + p = -545 - 93, -5*j - 4*p + 648 = 0. Let i = j - 119. Calculate the greatest common factor of 315 and i.
9
Suppose 2*l = 3*h - 2586, -8*l + 867 = h - 7*l. What is the highest common factor of h and 27?
27
Let w be -2*-18*(-4)/(-6). Suppose -32 = -4*k + 5*h, h + w = k + 2*k. Suppose 2*b - 96 = 48. Calculate the highest common divisor of b and k.
8
Suppose 0 = -17*y + 135052 + 404188. What is the greatest common factor of 65 and y?
65
Let h be ((-3450)/9)/5*30/(-25). Let l(v) = -64 + 3*v + 21 - 9*v. Let t be l(-11). Calculate the greatest common factor of t and h.
23
Let x be (-390)/(-5)*(-53)/(-6). Calculate the greatest common divisor of x and 159.
53
Let g = 1012 + -1033. Let u be g - -36 - 4/1. Let i = -107 + 184. Calculate the highest common divisor of i and u.
11
Let v be (2/((-2)/3))/((-2)/(-24)*-9). What is the greatest common divisor of 2508 and v?
4
Let k = 420 + -419. Let p be (k/(-2) + 3)*132/30. Let q be ((-66)/5)/((-6)/15). Calculate the greatest common factor of q and p.
11
Suppose 91 = 4*q - 3*l, l = -q - 3*q + 71. Suppose w + 26 + 1 = -2*d, -4*w = 4*d + 88. Let k = q + w. Calculate the highest common divisor of k and 3.
1
Let i(v) = v**2 - 17*v + 2. Let m be i(0). Suppose -24 = -5*p + 4*x, p + 3*p - 20 = 3*x. What is the greatest common divisor of m and p?
2
Let m = -7 + -44. Let x = m + 83. What is the greatest common factor of 256 and x?
32
Let n = -9 - -15. Let p = 335 + -329. Let z be 75/p + (-2)/4. What is the greatest common factor of z and n?
6
Let x be (1 + -2)/((-1)/(-89)). Let u = x + 7. Let q be (-10)/15 - u/6. What is the greatest common divisor 